 + 7. What is the greatest common factor of 55 and f?
5
Let k(a) = 15*a + 21. Let g be k(3). Calculate the greatest common factor of g and 11.
11
Let a(f) = 199*f**3 - f. Let q be a(1). What is the greatest common divisor of q and 18?
18
Let t(r) = -10*r + 3. Let c be t(-6). Let a = -44 + c. What is the highest common factor of a and 76?
19
Let r(f) = 2*f**2 + 18*f - 11. Let h be r(-10). What is the highest common factor of h and 27?
9
Let b be (-1 - -58) + -3 + 8 + -8. What is the highest common factor of b and 81?
27
Let b be -4 - (0/(-2) - 4). Let q(a) = -a**2 + a + 66. Let r be q(b). Calculate the greatest common factor of 6 and r.
6
Let f be (-1 + 16)/(1/2). What is the greatest common divisor of 330 and f?
30
Let k = 4 + 2. Suppose 2 = 2*q, -4*q = -4*o - 0*o. Suppose -o = y - k. Calculate the greatest common divisor of 20 and y.
5
Suppose 5*m = 7 + 103. Let y = m - 50. Let q = -17 - y. Calculate the highest common divisor of q and 55.
11
Suppose 3*o - b + 66 = -5*b, 0 = -o - b - 23. Let t = o - -38. Let h(g) = g**3 - 5*g**2 - 3*g - 6. Let q be h(6). What is the highest common factor of t and q?
12
Let p be (-510)/(-22) - (-42)/(-231). What is the greatest common divisor of p and 46?
23
Let a = 5 - 0. Suppose 0*w + a*w = 100. What is the greatest common factor of w and 30?
10
Suppose 4*t = 5*l + 98, 5*t - 106 = -4*l + 2*l. Let p = -4 + 15. What is the greatest common factor of p and t?
11
Suppose -4*u + 3*u = 3*m - 46, 2*u - 2*m = 76. Calculate the highest common factor of 5 and u.
5
Let g = 18 - 10. Calculate the highest common factor of 16 and g.
8
Suppose -f + 4*d + 0*d = -4, -4*f - 4*d + 56 = 0. What is the highest common factor of f and 24?
12
Let d = 28 + -20. Suppose -l - d = l. Let u = l - -7. Calculate the greatest common divisor of 1 and u.
1
Let v(g) = -g + 3. Let z be v(4). Let u be (2/(-2)*-3)/z. Let k be (-24)/(-9) - 1/u. Calculate the greatest common divisor of k and 2.
1
Suppose 64 = -a - 11. Let s = -45 - a. Let f = -19 + s. Calculate the highest common divisor of f and 77.
11
Let g = 0 + 0. Let c be 34 - (g/(-3))/(-1). Suppose 0*u = -2*u + c. Calculate the highest common divisor of u and 51.
17
Let p be 7/((-14)/12)*-1. Let i = p + 14. Calculate the greatest common factor of i and 8.
4
Let s = 699 - 464. Let z = s + -158. Calculate the highest common divisor of 7 and z.
7
Suppose 2*a = 3*m - 382, -2*m - a = -70 - 194. Suppose 4*u + 32 = -4*g + 116, 0 = -2*g - 4*u + 32. Calculate the highest common factor of m and g.
26
Suppose -3*u - 100 = -7*u - 4*i, -5*i - 175 = -5*u. Calculate the highest common factor of 75 and u.
15
Suppose -4*j + 4*w - 20 = 0, 3*w - 15 = j + j. Suppose 0 = -j*i - i + 3. Let b be ((-6)/(-2) - -17) + i. Calculate the highest common factor of 161 and b.
23
Let d be 2 + (-68)/(-3) + 20/(-30). Calculate the greatest common divisor of d and 264.
24
Let j = -67 - -103. What is the greatest common divisor of 27 and j?
9
Suppose 5*b + 2*x - 28 = 0, -b + 2*x - 3*x + 8 = 0. Let g = -2 + b. Let a be 29/g + (-6)/12. What is the highest common factor of a and 35?
7
Let l = -27 + 39. Suppose 3*m - 4 = 14. Calculate the highest common divisor of l and m.
6
Suppose -56 = -7*j + 3*j. Calculate the highest common divisor of j and 112.
14
Let s = -313 + 793. Calculate the highest common factor of s and 60.
60
Let o be 48/21 - (-2)/(-7). Let z be (-1)/o + (-262)/(-4). Calculate the greatest common factor of z and 26.
13
Let c = -97 + 98. Calculate the highest common factor of c and 13.
1
Suppose 4*o = -4*r + 5 - 13, -2*r = 4. Let z = 8 - 6. Suppose o*l - z*l = -238. Calculate the greatest common divisor of l and 17.
17
Suppose -20*c + 45 = -15*c. Calculate the greatest common factor of 18 and c.
9
Let x be 34/4 + 3/2. Let a be 22*(x/4 + 0). What is the highest common divisor of a and 5?
5
Suppose 40 = 3*p - 116. Calculate the greatest common factor of p and 13.
13
Let b(x) = 5*x**3 + x. Let c be b(1). Let d = 10 - 9. Suppose -11 = -4*g + d. What is the highest common factor of g and c?
3
Let n = -31 + 33. Let a be 15/(-6)*(0 - 4). What is the greatest common divisor of a and n?
2
Let j be 192/20 - 4 - (-6)/15. Calculate the greatest common factor of j and 3.
3
Let u = -21 + 31. Suppose -5*p = -5*x + 420, 0*x + 460 = 5*x + 5*p. Let w be x/3 - (-6)/9. Calculate the greatest common divisor of u and w.
10
Suppose 5*q - 1 - 9 = 0. Let j(d) = -d**2 + d + 22. Let c be j(-4). What is the greatest common divisor of c and q?
2
Let a(d) = -d**3 + 5*d**2 + 3. Let w be a(5). Suppose -2*y + 560 = w*y. Calculate the greatest common factor of y and 14.
14
Suppose 2*o = -8 - 4. Let h be (-4)/o - 80/(-6). Let n be (16/(-10))/((-4)/70). What is the greatest common divisor of n and h?
14
Suppose -3*z - 9 = -m, -m - m - 4*z + 8 = 0. What is the greatest common divisor of 6 and m?
6
Let n(r) = 6*r - 3*r**2 - 1 - 4 + 4*r**2. Let x be n(-8). What is the highest common factor of x and 44?
11
Let r be -2 - -106 - (2 - 3). Let n be ((-84)/(-8)*-1)/((-2)/4). What is the highest common divisor of n and r?
21
Let b be -2*(25/2)/(-5). What is the greatest common divisor of b and 45?
5
Let b(g) = g**2 + 6*g + 1. Suppose 0 = 3*p - 6*p - 21. Let i be b(p). What is the highest common factor of 72 and i?
8
Suppose 0*l + 6 = 2*l. Suppose 3*q - 6*i + 3*i + 24 = 0, 2*q = -i - 22. Let b = q - -34. Calculate the greatest common factor of b and l.
3
Suppose 5*m + 53 + 19 = z, -3*z + 176 = -5*m. Let o be 4/3*105/(-10). Let c be (-4)/(-14) + (-178)/o. Calculate the highest common factor of c and z.
13
Let n be (-10)/2*11/(-5)*14. Calculate the greatest common factor of n and 14.
14
Let u(v) = v**2 + 6*v - 1. Let r be u(-8). What is the highest common divisor of r and 6?
3
Suppose 2*r = -3*r + 60. What is the highest common divisor of r and 3?
3
Suppose 3 = 6*k - 3*k. Let u(s) = 1 + 0*s**3 + 2*s**2 + 2*s**3 - 3*s**2. Let p be u(k). What is the greatest common factor of p and 5?
1
Suppose 0 = -2*k + 5*k + 3*p - 30, -5*k + p + 32 = 0. What is the highest common divisor of k and 77?
7
Suppose 3*p + 5*b = -0*p + 70, 5*p = -3*b + 106. Suppose 0 = 3*d + 2*d + p, -172 = -4*z - 5*d. What is the greatest common factor of z and 16?
16
Let p be -6 + 3/1 - -67. Let h(c) = c**3. Let d be h(2). Calculate the highest common divisor of p and d.
8
Let f be -20*(13/4)/(-1). Let x(t) = t**2 + 9*t + 4. Let p be x(-11). What is the greatest common factor of f and p?
13
Let m = 7 + -3. Let b = 0 + m. Suppose 0*h + b*h - v = 146, -4*h + 150 = -3*v. What is the highest common divisor of h and 12?
12
Let c be ((-1)/(-2))/(15/150). Suppose 5*j + k - 202 = 0, -3*j + 122 = 3*k - 4. Calculate the highest common factor of c and j.
5
Let t = -134 - -352. Suppose -3*h + t = 38. Let g(p) = 6*p - 6. Let r be g(5). Calculate the greatest common divisor of r and h.
12
Let l be (-4)/((-8)/70) - 0. Let q = -25 + l. What is the highest common factor of 10 and q?
10
Suppose -3*b + 10 = -38. What is the highest common factor of b and 80?
16
Suppose 3*j + 25 = -5*w, -w + 2*j + 7 + 1 = 0. Let z be w*2/(-8)*2. Let f = z - 0. Calculate the greatest common divisor of 8 and f.
1
Let j(s) = s + 4. Let v be j(-3). Let b(m) = 2*m - 7 + 6 + 0*m. Let p be b(v). Calculate the highest common factor of p and 2.
1
Let m be -3*(2/(-3) + 2). Let t be (-6)/8*m - 0. What is the greatest common divisor of t and 3?
3
Suppose 3*b = -4*m + 69 + 62, 3*m + b = 97. Calculate the highest common divisor of m and 16.
16
Let c(v) = -v**3 - v**2 - v + 2. Suppose 4*a + a = 0. Let j be c(a). Calculate the greatest common divisor of j and 10.
2
Suppose 0 = -7*y + 71 + 90. What is the greatest common factor of 69 and y?
23
Suppose 0 + 4 = 4*b - 4*m, -4*b - m = -19. Let w = 0 + 3. Let l be (10/(-3))/((-1)/w). What is the highest common factor of b and l?
2
Let q(o) = 28*o + 4. Let m be q(3). Calculate the highest common divisor of 66 and m.
22
Let k = -8 - -13. What is the greatest common factor of 5 and k?
5
Let k(l) = 10 - l**3 + l - 4 + 2*l - 5*l**2. Let i be k(-6). Calculate the highest common divisor of i and 16.
8
Let a = 9 - 7. Let r = 13 - a. What is the highest common divisor of r and 11?
11
Let x be (-4*1/3)/(10/(-15)). What is the greatest common factor of x and 4?
2
Let d be -3 + (7 - (2 - 4)). Let w(y) = 2*y + 3. Let a b